{"id":10089,"date":"2026-04-07T19:39:36","date_gmt":"2026-04-07T19:39:36","guid":{"rendered":"https:\/\/selkorinn.is\/?page_id=10089"},"modified":"2026-04-07T19:57:31","modified_gmt":"2026-04-07T19:57:31","slug":"koramot-i-normandi","status":"publish","type":"page","link":"https:\/\/selkorinn.is\/?page_id=10089","title":{"rendered":"K\u00f3ram\u00f3t \u00ed Normand\u00ed"},"content":{"rendered":"<div class=\"members-access-error\">\u00deessi s\u00ed\u00f0a er einungis opin k\u00f3rf\u00e9l\u00f6gum.<\/div>\n","protected":false},"excerpt":{"rendered":"<div class=\"members-access-error\">\u00deessi s\u00ed\u00f0a er einungis opin k\u00f3rf\u00e9l\u00f6gum.<\/div>\n","protected":false},"author":53,"featured_media":0,"parent":7028,"menu_order":3,"comment_status":"closed","ping_status":"closed","template":"page-templates\/real-full-width.php","meta":{"footnotes":""},"class_list":["post-10089","page","type-page","status-publish","hentry"],"_links":{"self":[{"href":"https:\/\/selkorinn.is\/index.php?rest_route=\/wp\/v2\/pages\/10089","targetHints":{"allow":["GET"]}}],"collection":[{"href":"https:\/\/selkorinn.is\/index.php?rest_route=\/wp\/v2\/pages"}],"about":[{"href":"https:\/\/selkorinn.is\/index.php?rest_route=\/wp\/v2\/types\/page"}],"author":[{"embeddable":true,"href":"https:\/\/selkorinn.is\/index.php?rest_route=\/wp\/v2\/users\/53"}],"replies":[{"embeddable":true,"href":"https:\/\/selkorinn.is\/index.php?rest_route=%2Fwp%2Fv2%2Fcomments&post=10089"}],"version-history":[{"count":2,"href":"https:\/\/selkorinn.is\/index.php?rest_route=\/wp\/v2\/pages\/10089\/revisions"}],"predecessor-version":[{"id":10097,"href":"https:\/\/selkorinn.is\/index.php?rest_route=\/wp\/v2\/pages\/10089\/revisions\/10097"}],"up":[{"embeddable":true,"href":"https:\/\/selkorinn.is\/index.php?rest_route=\/wp\/v2\/pages\/7028"}],"wp:attachment":[{"href":"https:\/\/selkorinn.is\/index.php?rest_route=%2Fwp%2Fv2%2Fmedia&parent=10089"}],"curies":[{"name":"wp","href":"https:\/\/api.w.org\/{rel}","templated":true}]}}