{"id":9335,"date":"2024-04-11T15:57:58","date_gmt":"2024-04-11T15:57:58","guid":{"rendered":"https:\/\/selkorinn.is\/?page_id=9335"},"modified":"2025-03-31T15:35:48","modified_gmt":"2025-03-31T15:35:48","slug":"aefingabudir-og-fleiri-samkomur","status":"publish","type":"page","link":"https:\/\/selkorinn.is\/?page_id=9335","title":{"rendered":"\u00c6fingab\u00fa\u00f0ir og fleiri samkomur"},"content":{"rendered":"\n<p><a href=\"http:\/\/selkorinn.is\/wp-content\/uploads\/5 Songbaekur\/Vatnsholt 2025 So\u0308ngbo\u0301k.pdf\" data-type=\"page\" data-id=\"9335\">Vatnsholt 2025<\/a><\/p>\n\n\n\n<p><a href=\"http:\/\/selkorinn.is\/wp-content\/uploads\/5 Songbaekur\/Vatnsholt-2024-Matarsongbok.pdf\">Vatnsholt 2024<\/a><\/p>\n\n\n\n<p><a href=\"http:\/\/selkorinn.is\/wp-content\/uploads\/5 Songbaekur\/Vatnsholt 2023 Textabo\u0301k 2.0.pdf\">Vatnsholt 2023<\/a><\/p>\n\n\n\n<p><a href=\"http:\/\/selkorinn.is\/wp-content\/uploads\/5 Songbaekur\/Vatnsholt 2022.pdf\">Vatnsholt 2022<\/a><\/p>\n\n\n\n<p><a href=\"http:\/\/selkorinn.is\/wp-content\/uploads\/5 Songbaekur\/Bjartsy\u0301nisbrekku 2023 - So\u0308ngbo\u0301k.pdf\">Bjarts\u00fdnisbrekka 2023 s\u00f6ngb\u00f3k<\/a><\/p>\n\n\n\n<p><a href=\"http:\/\/selkorinn.is\/wp-content\/uploads\/5 Songbaekur\/Bjartsy\u0301nisbrekka 2023 - So\u0308ngleikjatextar.pdf\">Bjarts\u00fdnisbrekka 2023 s\u00f6ngleikjatextar<\/a><\/p>\n\n\n\n<p><a href=\"http:\/\/selkorinn.is\/wp-content\/uploads\/2020\/07\/S\u00f6ngb\u00f3k-2020-1-\u00c1n-hlj\u00f3ma-Eitt-lag-\u00e1-s\u00ed\u00f0u.pdf\">S\u00f6ngb\u00f3k 2020 \u00c1n hlj\u00f3ma &#8211; Eitt lag \u00e1 s\u00ed\u00f0u<\/a><\/p>\n\n\n\n<p><a href=\"http:\/\/selkorinn.is\/wp-content\/uploads\/2020\/07\/S\u00f6ngb\u00f3k-2020-1-\u00c1n-hlj\u00f3ma-M\u00f6rg-l\u00f6g-\u00e1-s\u00ed\u00f0u.pdf\">S\u00f6ngb\u00f3k 2020 \u00c1n hlj\u00f3ma &#8211; M\u00f6rg l\u00f6g \u00e1 s\u00ed\u00f0u<\/a><\/p>\n\n\n\n<p><a href=\"http:\/\/selkorinn.is\/wp-content\/uploads\/2020\/07\/S\u00f6ngb\u00f3k-2020-1-Me\u00f0-hlj\u00f3mum-Eitt-lag-\u00e1-s\u00ed\u00f0u.pdf\">S\u00f6ngb\u00f3k 2020 Me\u00f0 hlj\u00f3mum &#8211; Eitt lag \u00e1 s\u00ed\u00f0u<\/a><\/p>\n\n\n\n<p><\/p>\n","protected":false},"excerpt":{"rendered":"<p>Vatnsholt 2025 Vatnsholt 2024 Vatnsholt 2023 Vatnsholt 2022 Bjarts\u00fdnisbrekka 2023 s\u00f6ngb\u00f3k Bjarts\u00fdnisbrekka 2023 s\u00f6ngleikjatextar S\u00f6ngb\u00f3k 2020 \u00c1n hlj\u00f3ma &#8211; Eitt lag \u00e1 s\u00ed\u00f0u S\u00f6ngb\u00f3k 2020 \u00c1n hlj\u00f3ma &#8211; M\u00f6rg l\u00f6g \u00e1 s\u00ed\u00f0u S\u00f6ngb\u00f3k 2020 Me\u00f0 hlj\u00f3mum &#8211; Eitt lag \u00e1 s\u00ed\u00f0u<\/p>\n","protected":false},"author":99,"featured_media":0,"parent":7641,"menu_order":0,"comment_status":"closed","ping_status":"closed","template":"","meta":{"footnotes":""},"class_list":["post-9335","page","type-page","status-publish","hentry"],"_links":{"self":[{"href":"https:\/\/selkorinn.is\/index.php?rest_route=\/wp\/v2\/pages\/9335","targetHints":{"allow":["GET"]}}],"collection":[{"href":"https:\/\/selkorinn.is\/index.php?rest_route=\/wp\/v2\/pages"}],"about":[{"href":"https:\/\/selkorinn.is\/index.php?rest_route=\/wp\/v2\/types\/page"}],"author":[{"embeddable":true,"href":"https:\/\/selkorinn.is\/index.php?rest_route=\/wp\/v2\/users\/99"}],"replies":[{"embeddable":true,"href":"https:\/\/selkorinn.is\/index.php?rest_route=%2Fwp%2Fv2%2Fcomments&post=9335"}],"version-history":[{"count":9,"href":"https:\/\/selkorinn.is\/index.php?rest_route=\/wp\/v2\/pages\/9335\/revisions"}],"predecessor-version":[{"id":9723,"href":"https:\/\/selkorinn.is\/index.php?rest_route=\/wp\/v2\/pages\/9335\/revisions\/9723"}],"up":[{"embeddable":true,"href":"https:\/\/selkorinn.is\/index.php?rest_route=\/wp\/v2\/pages\/7641"}],"wp:attachment":[{"href":"https:\/\/selkorinn.is\/index.php?rest_route=%2Fwp%2Fv2%2Fmedia&parent=9335"}],"curies":[{"name":"wp","href":"https:\/\/api.w.org\/{rel}","templated":true}]}}